{"id":99,"date":"2025-02-01T11:01:29","date_gmt":"2025-02-01T10:01:29","guid":{"rendered":"https:\/\/reindersweb.de\/?page_id=99"},"modified":"2025-02-01T11:01:29","modified_gmt":"2025-02-01T10:01:29","slug":"gpo-was-ist-das-eigentlich","status":"publish","type":"page","link":"https:\/\/www.reindersweb.de\/?page_id=99","title":{"rendered":"GPO &#8211; Was ist das eigentlich ?"},"content":{"rendered":"<p><img decoding=\"async\" style=\"border:2px solid #8A0829;\" src=\"images\/windows_error.png\" alt=\"\" width=\"620\" class=\"alignnone size-full wp-image-1568\" \/><br \/>\n<BR><br \/>\nDa es nach einem kumulativen Update f\u00fcr Windows 10 (KB5017308) zu Fehlern beim Anlegen und Kopieren von Gruppenrichtlinienobjekten kommt (teils wird auch von Performance-Problemen und Blackscreens berichtet), wollte ich hier einmal kurz anrei\u00dfen, was GPO eigentlich bedeutet und was das ist.<\/p>\n<p>GPO, das ist die Abk\u00fcrzung f\u00fcr Group Policy Objects (zu Deutsch: Gruppenrichtlinienobjekte)<\/p>\n<p>Wikipedia erkl\u00e4rt dies folgenderma\u00dfen:<\/p>\n<p>Zitat: In diesem Zusammenhang ist eine Group Policy eine auf bestimmte Gruppen oder Arten von Einstellungen begrenzte System Policy. Eine solche Gruppenrichtlinie nennt man auch Gruppenrichtlinienobjekt. Die Sicherheitseinstellungen steuern u. a. Benutzer-Authentifizierung bei einem (Firmen-)Netzwerk oder Ger\u00e4t, den Zugriff auf Ressourcen f\u00fcr Benutzer, sowie deren Mitgliedschaft in Gruppen.<\/p>\n<p>Seit Microsoft Windows 2000 Server k\u00f6nnen Gruppenrichtlinien \u00fcber die Gruppenrichtlinienverwaltung erstellt und konfiguriert werden. Die Gruppenrichtlinienverwaltung (Group Policy Management Console, GPMC) ist ein Snap-In, das eine erweiterte und verbesserte Konfiguration von Gruppenrichtlinien erlaubt, allerdings zuerst lokal auf dem Computer installiert werden muss (auf Dom\u00e4nencontrollern mit Benutzeroberfl\u00e4che wird sie stets mitinstalliert). Danach ist sie als eigenst\u00e4ndiges Snap-In auch auf Clientbetriebssystemen nutzbar. Allerdings erfordert die GPMC zumindest Windows XP oder Windows Server 2003, unter Windows 2000 ist sie nicht lauff\u00e4hig. Die Dom\u00e4ne kann aber auf Windows 2000-Level sein.<\/p>\n<p>Abgesehen von Standard-Konfigurationen k\u00f6nnen auch eigene Konfigurationsm\u00f6glichkeiten per Administrativer Vorlage, d. h. Dateien mit dem Suffix *.adm (bis Windows XP) bzw. *.admx (seit Windows Vista), genutzt werden. Eine sofortige Aktualisierung kann mit dem Befehl gpupdate.exe \/force oder ab Windows 8 oder Server 2012 \u00fcber die GPMC (Group Policy Management Console (Gruppenrichtlinien-Verwaltungskonsole))erzwungen werden. <\/p>\n<p>Zitat Ende!<\/p>\n<p>Den vollst\u00e4ndigen Artikel dazu findet Ihr auf Wikipedia <a href=\"https:\/\/de.wikipedia.org\/wiki\/Group_Policy_Object\" target=\"_New\">HIER<\/a><\/p>\n<p>Die Group Policy Management Console (kurz: GPMC), zu Deutsch Gruppenrichtlinien-Verwaltungskonsole ist eine Schnittstelle, die es Active Directory-Administratoren erm\u00f6glicht, Gruppenrichtlinienobjekten (Group Policy Objects, GPOs) von einer zentralen Konsole aus zu verwalten. Auch hierzu habe ich f\u00fcr Euch einen, bzw zwei weiterf\u00fchrende Artikel gefunden:<\/p>\n<p><a href=\"https:\/\/de.wikipedia.org\/wiki\/Microsoft_Management_Console\" target=\"_New\">Wikipedia: Microsoft Management Konsole<\/a><br \/>\n<a href=\"https:\/\/www.computerweekly.com\/de\/definition\/Gruppenrichtlinien-Verwaltungskonsole-GPMC\" target=\"_New\">computerweekly.com: Gruppenrichtlinien-Verwaltungskonsole GPMC (Deutsch)<\/a><\/p>\n<p>&copy; 18.09.2022 Ulli Reinders<\/p>\n","protected":false},"excerpt":{"rendered":"<p>Da es nach einem kumulativen Update f\u00fcr Windows 10 (KB5017308) zu Fehlern beim Anlegen und Kopieren von Gruppenrichtlinienobjekten kommt (teils wird auch von Performance-Problemen und Blackscreens berichtet), wollte ich hier einmal kurz anrei\u00dfen, was GPO eigentlich bedeutet und was das ist. GPO, das ist die Abk\u00fcrzung f\u00fcr Group Policy Objects (zu Deutsch: Gruppenrichtlinienobjekte) Wikipedia erkl\u00e4rt dies folgenderma\u00dfen: Zitat: In diesem Zusammenhang ist eine Group Policy eine auf bestimmte Gruppen oder Arten von Einstellungen begrenzte System Policy. Eine solche Gruppenrichtlinie nennt man auch Gruppenrichtlinienobjekt. Die Sicherheitseinstellungen steuern u. a. Benutzer-Authentifizierung bei einem (Firmen-)Netzwerk oder Ger\u00e4t, den Zugriff auf Ressourcen f\u00fcr Benutzer, sowie deren Mitgliedschaft in Gruppen. Seit Microsoft Windows 2000 Server k\u00f6nnen Gruppenrichtlinien \u00fcber die Gruppenrichtlinienverwaltung erstellt und konfiguriert werden. Die Gruppenrichtlinienverwaltung (Group Policy Management Console, GPMC) ist ein Snap-In, das eine erweiterte und verbesserte Konfiguration von Gruppenrichtlinien erlaubt, allerdings zuerst lokal auf dem Computer installiert werden muss (auf Dom\u00e4nencontrollern mit Benutzeroberfl\u00e4che wird sie stets mitinstalliert). Danach ist sie als eigenst\u00e4ndiges Snap-In auch auf Clientbetriebssystemen nutzbar. Allerdings erfordert die GPMC zumindest Windows XP oder Windows Server 2003, unter Windows 2000 ist sie nicht lauff\u00e4hig. Die Dom\u00e4ne kann aber auf Windows 2000-Level sein. Abgesehen von Standard-Konfigurationen k\u00f6nnen auch eigene Konfigurationsm\u00f6glichkeiten per Administrativer [&hellip;]<\/p>\n","protected":false},"author":1,"featured_media":0,"parent":0,"menu_order":0,"comment_status":"closed","ping_status":"closed","template":"","meta":{"pgc_sgb_lightbox_settings":"","footnotes":""},"class_list":["post-99","page","type-page","status-publish","hentry"],"_links":{"self":[{"href":"https:\/\/www.reindersweb.de\/index.php?rest_route=\/wp\/v2\/pages\/99","targetHints":{"allow":["GET"]}}],"collection":[{"href":"https:\/\/www.reindersweb.de\/index.php?rest_route=\/wp\/v2\/pages"}],"about":[{"href":"https:\/\/www.reindersweb.de\/index.php?rest_route=\/wp\/v2\/types\/page"}],"author":[{"embeddable":true,"href":"https:\/\/www.reindersweb.de\/index.php?rest_route=\/wp\/v2\/users\/1"}],"replies":[{"embeddable":true,"href":"https:\/\/www.reindersweb.de\/index.php?rest_route=%2Fwp%2Fv2%2Fcomments&post=99"}],"version-history":[{"count":0,"href":"https:\/\/www.reindersweb.de\/index.php?rest_route=\/wp\/v2\/pages\/99\/revisions"}],"wp:attachment":[{"href":"https:\/\/www.reindersweb.de\/index.php?rest_route=%2Fwp%2Fv2%2Fmedia&parent=99"}],"curies":[{"name":"wp","href":"https:\/\/api.w.org\/{rel}","templated":true}]}}