{"id":751,"date":"2025-05-18T09:11:59","date_gmt":"2025-05-18T07:11:59","guid":{"rendered":"https:\/\/www.reindersweb.de\/?page_id=751"},"modified":"2025-05-18T09:11:59","modified_gmt":"2025-05-18T07:11:59","slug":"lifehack-akku-sparen-mit-dunkelmodus","status":"publish","type":"page","link":"https:\/\/www.reindersweb.de\/?page_id=751","title":{"rendered":"Lifehack: Akku sparen mit Dunkelmodus"},"content":{"rendered":"<p><img decoding=\"async\" src=\"https:\/\/www.reindersweb.de\/images\/lifehack.png\" alt=\"Lifehack\" \/><\/p>\n<p>Wer auf seinem Smartphone oder Tablet den Dunkelmodus verwendet, kann je nach eingestellter Helligkeit<br \/>\neine ganze Menge Akkuenergie einsparen.<\/p>\n<p>Bei einer Bildschirmhelligkeit zwischen 30 und 50 Prozent spart der dunkle Modus ca. 9 Prozent des Akkus ein. Bei maximaler Helligkeit sind es sogar 47 Prozent. Das bedeutet, dass der Akku an einem gut beleuchteten Ort doppelt so lange halten kann, wenn man den Dunkelmodus verwendet.<\/p>\n<p>Im Dunkelmodus wird der Hintergrund schwarz oder dunkelgrau, w\u00e4hrend Text und andere Elemente in helleren Farben auf dem jeweiligen Screen dargestellt werden. Der Dunkelmodus soll vor allem die Augen schonen und die Anzeige bei schlechten Lichtverh\u00e4ltnissen angenehmer gestalten. Der Dunkelmodus kann aber auch die Akkulaufzeit auf Ger\u00e4ten mit OLED- oder AMOLED-Displays verl\u00e4ngern, da diese bei der Darstellung dunklerer Farben weniger Strom verbrauchen als bei helleren Farben.<\/p>\n<p>Der Dunkelmodus ist \u00fcbrigens auch f\u00fcr solche Nutzer (wie mich) zu empfehlen, die sehr schnell eine \u00dcberanstrengung ihrer Augen empfinden.<\/p>\n","protected":false},"excerpt":{"rendered":"<p>Wer auf seinem Smartphone oder Tablet den Dunkelmodus verwendet, kann je nach eingestellter Helligkeit eine ganze Menge Akkuenergie einsparen. Bei einer Bildschirmhelligkeit zwischen 30 und 50 Prozent spart der dunkle Modus ca. 9 Prozent des Akkus ein. Bei maximaler Helligkeit sind es sogar 47 Prozent. Das bedeutet, dass der Akku an einem gut beleuchteten Ort doppelt so lange halten kann, wenn man den Dunkelmodus verwendet. Im Dunkelmodus wird der Hintergrund schwarz oder dunkelgrau, w\u00e4hrend Text und andere Elemente in helleren Farben auf dem jeweiligen Screen dargestellt werden. Der Dunkelmodus soll vor allem die Augen schonen und die Anzeige bei schlechten Lichtverh\u00e4ltnissen angenehmer gestalten. Der Dunkelmodus kann aber auch die Akkulaufzeit auf Ger\u00e4ten mit OLED- oder AMOLED-Displays verl\u00e4ngern, da diese bei der Darstellung dunklerer Farben weniger Strom verbrauchen als bei helleren Farben. Der Dunkelmodus ist \u00fcbrigens auch f\u00fcr solche Nutzer (wie mich) zu empfehlen, die sehr schnell eine \u00dcberanstrengung ihrer Augen empfinden.<\/p>\n","protected":false},"author":1,"featured_media":0,"parent":0,"menu_order":0,"comment_status":"closed","ping_status":"closed","template":"","meta":{"pgc_sgb_lightbox_settings":"","footnotes":""},"class_list":["post-751","page","type-page","status-publish","hentry"],"_links":{"self":[{"href":"https:\/\/www.reindersweb.de\/index.php?rest_route=\/wp\/v2\/pages\/751","targetHints":{"allow":["GET"]}}],"collection":[{"href":"https:\/\/www.reindersweb.de\/index.php?rest_route=\/wp\/v2\/pages"}],"about":[{"href":"https:\/\/www.reindersweb.de\/index.php?rest_route=\/wp\/v2\/types\/page"}],"author":[{"embeddable":true,"href":"https:\/\/www.reindersweb.de\/index.php?rest_route=\/wp\/v2\/users\/1"}],"replies":[{"embeddable":true,"href":"https:\/\/www.reindersweb.de\/index.php?rest_route=%2Fwp%2Fv2%2Fcomments&post=751"}],"version-history":[{"count":0,"href":"https:\/\/www.reindersweb.de\/index.php?rest_route=\/wp\/v2\/pages\/751\/revisions"}],"wp:attachment":[{"href":"https:\/\/www.reindersweb.de\/index.php?rest_route=%2Fwp%2Fv2%2Fmedia&parent=751"}],"curies":[{"name":"wp","href":"https:\/\/api.w.org\/{rel}","templated":true}]}}